{"id":89,"date":"2024-11-29T12:09:30","date_gmt":"2024-11-29T11:09:30","guid":{"rendered":"https:\/\/grupoallstars.es\/mijas-gourmet\/?page_id=89"},"modified":"2024-12-03T14:16:17","modified_gmt":"2024-12-03T13:16:17","slug":"nuestro-delantal","status":"publish","type":"page","link":"https:\/\/grupoallstars.es\/mijas-gourmet\/nuestro-delantal\/","title":{"rendered":"Nuestro delantal"},"content":{"rendered":"<p>[et_pb_section fb_built=\u00bb1&#8243; admin_label=\u00bbHero\u00bb _builder_version=\u00bb4.27.4&#8243; use_background_color_gradient=\u00bbon\u00bb background_color_gradient_type=\u00bbcircular\u00bb background_color_gradient_stops=\u00bbrgba(0,0,0,0.15) 0%|rgba(0,0,0,0.64) 100%\u00bb background_color_gradient_overlays_image=\u00bbon\u00bb background_image=\u00bbhttps:\/\/grupoallstars.es\/mijas-gourmet\/wp-content\/uploads\/2024\/12\/sup2.jpg\u00bb custom_margin=\u00bb||||false\u00bb custom_padding=\u00bb6vw||6vw||true|false\u00bb global_colors_info=\u00bb{}\u00bb][et_pb_row _builder_version=\u00bb4.16&#8243; global_colors_info=\u00bb{}\u00bb][et_pb_column type=\u00bb4_4&#8243; _builder_version=\u00bb4.16&#8243; custom_padding=\u00bb|||\u00bb global_colors_info=\u00bb{}\u00bb custom_padding__hover=\u00bb|||\u00bb][et_pb_text _builder_version=\u00bb4.27.4&#8243; text_font=\u00bb||||||||\u00bb text_text_color=\u00bb#FFFFFF\u00bb header_font=\u00bbRubik|700|||||||\u00bb header_text_color=\u00bb#FFFFFF\u00bb header_font_size=\u00bb64px\u00bb header_line_height=\u00bb1.1em\u00bb background_enable_color=\u00bboff\u00bb use_background_color_gradient=\u00bbon\u00bb background_color_gradient_stops=\u00bbrgba(136,25,22,0.55) 0%|rgba(136,25,22,0.5) 100%\u00bb background_layout=\u00bbdark\u00bb max_width=\u00bb800px\u00bb custom_margin=\u00bb0px||0px||false|false\u00bb custom_padding=\u00bb10px|||16px|false|false\u00bb text_font_size_tablet=\u00bb14px\u00bb text_font_size_last_edited=\u00bboff|desktop\u00bb header_font_size_tablet=\u00bb44px\u00bb header_font_size_phone=\u00bb32px\u00bb header_font_size_last_edited=\u00bbon|phone\u00bb border_color_all=\u00bb#ffb400&#8243; global_colors_info=\u00bb{}\u00bb]<\/p>\n<h1>NUESTRO DELANTAL<\/h1>\n<p>[\/et_pb_text][\/et_pb_column][\/et_pb_row][\/et_pb_section][et_pb_section fb_built=\u00bb1&#8243; admin_label=\u00bbBlog\u00bb _builder_version=\u00bb4.16&#8243; background_color=\u00bb#f7f7f7&#8243; global_colors_info=\u00bb{}\u00bb][et_pb_row _builder_version=\u00bb4.27.4&#8243; width=\u00bb100%\u00bb global_colors_info=\u00bb{}\u00bb][et_pb_column type=\u00bb4_4&#8243; _builder_version=\u00bb4.16&#8243; custom_padding=\u00bb|||\u00bb global_colors_info=\u00bb{}\u00bb custom_padding__hover=\u00bb|||\u00bb][et_pb_text _builder_version=\u00bb4.27.4&#8243; _module_preset=\u00bbdefault\u00bb text_font_size=\u00bb17px\u00bb global_colors_info=\u00bb{}\u00bb]<\/p>\n<p style=\"text-align: justify;\">El emblema de Mijas Navidad Gourmet est\u00e1 presente en el delantal identificativo que lucen los participantes. Es la prenda que identifica una forma de atender a la clientela con toda la esencia de Mijas.<\/p>\n<p style=\"text-align: justify;\">Una gran bola de cristal con la inscripci\u00f3n Navidad Gourmet y el logo de Ayuntamiento de Mijas, Desarrollo Econ\u00f3mico, ya es la distinci\u00f3n de una iniciativa nacida para potenciar la atracci\u00f3n de Mijas, tercera poblaci\u00f3n de M\u00e1laga, como capital gourmet para las fechas m\u00e1s entra\u00f1ables del a\u00f1o.<\/p>\n<p style=\"text-align: justify;\">El delantal conmemorativo de Mijas Navidad Gourmet es el punto de partida para un tiempo de actividades relacionadas con la mejor gastronom\u00eda en un municipio muy amplio y especialmente acogedor.<\/p>\n<p style=\"text-align: justify;\">Es necesario recordar que la poblaci\u00f3n censada en Mijas, en todos sus n\u00facleos, cuenta con un 46 por ciento de personas procedentes del extranjero.<\/p>\n<p>[\/et_pb_text][\/et_pb_column][\/et_pb_row][et_pb_row column_structure=\u00bb1_2,1_2&#8243; _builder_version=\u00bb4.27.4&#8243; _module_preset=\u00bbdefault\u00bb global_colors_info=\u00bb{}\u00bb][et_pb_column type=\u00bb1_2&#8243; _builder_version=\u00bb4.27.4&#8243; _module_preset=\u00bbdefault\u00bb global_colors_info=\u00bb{}\u00bb][et_pb_image src=\u00bbhttps:\/\/grupoallstars.es\/mijas-gourmet\/wp-content\/uploads\/2024\/12\/delantal_mijas1.png\u00bb title_text=\u00bbdelantal_mijas1&#8243; _builder_version=\u00bb4.27.4&#8243; _module_preset=\u00bbdefault\u00bb global_colors_info=\u00bb{}\u00bb][\/et_pb_image][\/et_pb_column][et_pb_column type=\u00bb1_2&#8243; _builder_version=\u00bb4.27.4&#8243; _module_preset=\u00bbdefault\u00bb global_colors_info=\u00bb{}\u00bb][et_pb_image src=\u00bbhttps:\/\/grupoallstars.es\/mijas-gourmet\/wp-content\/uploads\/2024\/12\/delantal_mijas2-1.png\u00bb title_text=\u00bbdelantal_mijas2&#8243; _builder_version=\u00bb4.27.4&#8243; _module_preset=\u00bbdefault\u00bb hover_enabled=\u00bb0&#8243; global_colors_info=\u00bb{}\u00bb sticky_enabled=\u00bb0&#8243;][\/et_pb_image][\/et_pb_column][\/et_pb_row][\/et_pb_section][et_pb_section fb_built=\u00bb1&#8243; admin_label=\u00bbTestimonials\u00bb _builder_version=\u00bb4.16&#8243; background_color=\u00bb#f7f7f7&#8243; global_colors_info=\u00bb{}\u00bb][et_pb_row column_structure=\u00bb1_2,1_2&#8243; _builder_version=\u00bb4.27.4&#8243; _module_preset=\u00bbdefault\u00bb global_colors_info=\u00bb{}\u00bb][et_pb_column type=\u00bb1_2&#8243; _builder_version=\u00bb4.27.4&#8243; _module_preset=\u00bbdefault\u00bb global_colors_info=\u00bb{}\u00bb][et_pb_image src=\u00bbhttps:\/\/grupoallstars.es\/mijas-gourmet\/wp-content\/uploads\/2024\/12\/logo_mijas2.svg\u00bb title_text=\u00bbAyuntamiento de Mijas\u00bb align=\u00bbcenter\u00bb _builder_version=\u00bb4.27.4&#8243; _module_preset=\u00bbdefault\u00bb width=\u00bb26%\u00bb width_tablet=\u00bb26%\u00bb width_phone=\u00bb26%\u00bb width_last_edited=\u00bbon|phone\u00bb max_width=\u00bb33%\u00bb global_colors_info=\u00bb{}\u00bb][\/et_pb_image][\/et_pb_column][et_pb_column type=\u00bb1_2&#8243; _builder_version=\u00bb4.27.4&#8243; _module_preset=\u00bbdefault\u00bb global_colors_info=\u00bb{}\u00bb][et_pb_image src=\u00bbhttps:\/\/grupoallstars.es\/mijas-gourmet\/wp-content\/uploads\/2024\/11\/loog_mas_color.svg\u00bb title_text=\u00bbGrupo All Stars\u00bb align=\u00bbcenter\u00bb _builder_version=\u00bb4.27.4&#8243; _module_preset=\u00bbdefault\u00bb width=\u00bb19%\u00bb width_tablet=\u00bb29%\u00bb width_phone=\u00bb28%\u00bb width_last_edited=\u00bbon|phone\u00bb custom_margin=\u00bb-11px||||false|false\u00bb global_colors_info=\u00bb{}\u00bb][\/et_pb_image][\/et_pb_column][\/et_pb_row][\/et_pb_section]<\/p>\n","protected":false},"excerpt":{"rendered":"<p>NUESTRO DELANTALEl emblema de Mijas Navidad Gourmet est\u00e1 presente en el delantal identificativo que lucen los participantes. Es la prenda que identifica una forma de atender a la clientela con toda la esencia de Mijas. Una gran bola de cristal con la inscripci\u00f3n Navidad Gourmet y el logo de Ayuntamiento de Mijas, Desarrollo Econ\u00f3mico, ya [&hellip;]<\/p>\n","protected":false},"author":1,"featured_media":0,"parent":0,"menu_order":0,"comment_status":"closed","ping_status":"closed","template":"","meta":{"_et_pb_use_builder":"on","_et_pb_old_content":"","_et_gb_content_width":"","inline_featured_image":false,"_monsterinsights_skip_tracking":false,"_monsterinsights_sitenote_active":false,"_monsterinsights_sitenote_note":"","_monsterinsights_sitenote_category":0,"footnotes":""},"class_list":["post-89","page","type-page","status-publish","hentry"],"_links":{"self":[{"href":"https:\/\/grupoallstars.es\/mijas-gourmet\/wp-json\/wp\/v2\/pages\/89","targetHints":{"allow":["GET"]}}],"collection":[{"href":"https:\/\/grupoallstars.es\/mijas-gourmet\/wp-json\/wp\/v2\/pages"}],"about":[{"href":"https:\/\/grupoallstars.es\/mijas-gourmet\/wp-json\/wp\/v2\/types\/page"}],"author":[{"embeddable":true,"href":"https:\/\/grupoallstars.es\/mijas-gourmet\/wp-json\/wp\/v2\/users\/1"}],"replies":[{"embeddable":true,"href":"https:\/\/grupoallstars.es\/mijas-gourmet\/wp-json\/wp\/v2\/comments?post=89"}],"version-history":[{"count":7,"href":"https:\/\/grupoallstars.es\/mijas-gourmet\/wp-json\/wp\/v2\/pages\/89\/revisions"}],"predecessor-version":[{"id":160,"href":"https:\/\/grupoallstars.es\/mijas-gourmet\/wp-json\/wp\/v2\/pages\/89\/revisions\/160"}],"wp:attachment":[{"href":"https:\/\/grupoallstars.es\/mijas-gourmet\/wp-json\/wp\/v2\/media?parent=89"}],"curies":[{"name":"wp","href":"https:\/\/api.w.org\/{rel}","templated":true}]}}